{"id":3375,"date":"2026-02-03T11:23:25","date_gmt":"2026-02-03T11:23:25","guid":{"rendered":"https:\/\/nostalgik.be\/?post_type=product&#038;p=3375"},"modified":"2026-02-03T11:33:02","modified_gmt":"2026-02-03T11:33:02","slug":"tableau-cassettes-vintages-k7-authentiques","status":"publish","type":"product","link":"https:\/\/nostalgik.be\/index.php\/produit\/tableau-cassettes-vintages-k7-authentiques\/","title":{"rendered":"Tableau Cassettes Vintages \u2013  K7 authentiques"},"content":{"rendered":"<p data-start=\"326\" data-end=\"648\">Une \u0153uvre qui sent bon les ann\u00e9es walkman, les mixtapes faites maison et les heures pass\u00e9es \u00e0 rembobiner au crayon.<br data-start=\"504\" data-end=\"507\" \/>Ce tableau r\u00e9unit <strong data-start=\"525\" data-end=\"560\">20 cassettes audio authentiques<\/strong>, collect\u00e9es puis assembl\u00e9es pour donner vie \u00e0 une pi\u00e8ce d\u00e9corative charg\u00e9 de souvenirs.<\/p>\n<p data-start=\"650\" data-end=\"777\">Chaque cassette a v\u00e9cu : couleurs, marques, usure, typographies\u2026<br data-start=\"714\" data-end=\"717\" \/>Chaque d\u00e9tail raconte un son, une \u00e9poque, un morceau de vie.<\/p>\n<p data-start=\"779\" data-end=\"903\">\ud83c\udfb5 Pour les amoureux du r\u00e9tro<br data-start=\"808\" data-end=\"811\" \/>\ud83c\udfb6 Pour ceux qui ont grandi avec A et B<br data-start=\"850\" data-end=\"853\" \/>\ud83d\uddbc Pour une d\u00e9co nostalgique unique et authentique<\/p>\n<p data-start=\"905\" data-end=\"955\"><strong data-start=\"905\" data-end=\"922\">Pi\u00e8ce unique.<\/strong> Il n\u2019en existe qu\u2019un exemplaire.<\/p>\n","protected":false},"excerpt":{"rendered":"<p>Tableau unique compos\u00e9 de v\u00e9ritables cassettes audio vintage \u2014 une pi\u00e8ce pleine de souvenirs.<\/p>\n","protected":false},"featured_media":3378,"comment_status":"open","ping_status":"closed","template":"","meta":[],"product_brand":[],"product_cat":[72],"product_tag":[],"class_list":{"0":"post-3375","1":"product","2":"type-product","3":"status-publish","4":"has-post-thumbnail","6":"product_cat-tableau","8":"first","9":"onbackorder","10":"shipping-taxable","11":"purchasable","12":"product-type-simple"},"jetpack_sharing_enabled":true,"_links":{"self":[{"href":"https:\/\/nostalgik.be\/index.php\/wp-json\/wp\/v2\/product\/3375","targetHints":{"allow":["GET"]}}],"collection":[{"href":"https:\/\/nostalgik.be\/index.php\/wp-json\/wp\/v2\/product"}],"about":[{"href":"https:\/\/nostalgik.be\/index.php\/wp-json\/wp\/v2\/types\/product"}],"replies":[{"embeddable":true,"href":"https:\/\/nostalgik.be\/index.php\/wp-json\/wp\/v2\/comments?post=3375"}],"wp:featuredmedia":[{"embeddable":true,"href":"https:\/\/nostalgik.be\/index.php\/wp-json\/wp\/v2\/media\/3378"}],"wp:attachment":[{"href":"https:\/\/nostalgik.be\/index.php\/wp-json\/wp\/v2\/media?parent=3375"}],"wp:term":[{"taxonomy":"product_brand","embeddable":true,"href":"https:\/\/nostalgik.be\/index.php\/wp-json\/wp\/v2\/product_brand?post=3375"},{"taxonomy":"product_cat","embeddable":true,"href":"https:\/\/nostalgik.be\/index.php\/wp-json\/wp\/v2\/product_cat?post=3375"},{"taxonomy":"product_tag","embeddable":true,"href":"https:\/\/nostalgik.be\/index.php\/wp-json\/wp\/v2\/product_tag?post=3375"}],"curies":[{"name":"wp","href":"https:\/\/api.w.org\/{rel}","templated":true}]}}